inder when 1778857 is divided by 3421.
3358
Calculate the remainder when 4572309 is divided by 530.
529
What is the remainder when 157151 is divided by 5237?
41
What is the remainder when 20334310 is divided by 23?
10
What is the remainder when 11263547 is divided by 648?
11
Calculate the remainder when 601538 is divided by 29669.
8158
What is the remainder when 3858257 is divided by 1542?
173
Calculate the remainder when 216314598 is divided by 40.
38
Calculate the remainder when 253 is divided by 30.
13
Calculate the remainder when 2872552 is divided by 322.
312
What is the remainder when 33816 is divided by 2818?
0
What is the remainder when 74359 is divided by 1519?
1447
What is the remainder when 13323 is divided by 149?
62
What is the remainder when 2986385 is divided by 353?
5
What is the remainder when 22186803 is divided by 1154?
1153
Calculate the remainder when 15352113 is divided by 51.
42
Calculate the remainder when 303462 is divided by 464.
6
What is the remainder when 13055956 is divided by 3287?
3279
Calculate the remainder when 285819 is divided by 57162.
9
Calculate the remainder when 1414451 is divided by 1727.
38
Calculate the remainder when 51473478 is divided by 12.
6
What is the remainder when 583532 is divided by 12155?
92
What is the remainder when 7418175 is divided by 31?
30
Calculate the remainder when 141330 is divided by 82.
44
What is the remainder when 52142 is divided by 1134?
1112
Calculate the remainder when 7684 is divided by 927.
268
Calculate the remainder when 904009 is divided by 22600.
9
What is the remainder when 19445072 is divided by 720187?
23
What is the remainder when 1949955 is divided by 3145?
55
What is the remainder when 215452 is divided by 43083?
37
What is the remainder when 8046753 is divided by 40?
33
Calculate the remainder when 150060158 is divided by 128.
126
Calculate the remainder when 7962502 is divided by 249.
229
Calculate the remainder when 41077452 is divided by 457.
7
Calculate the remainder when 8101910 is divided by 2025473.
18
Calculate the remainder when 979883 is divided by 104.
99
What is the remainder when 2913342 is divided by 4291?
4044
What is the remainder when 3329509 is divided by 1295?
64
What is the remainder when 2659615 is divided by 853?
814
Calculate the remainder when 987684 is divided by 684.
672
What is the remainder when 3476664 is divided by 29?
28
Calculate the remainder when 225079 is divided by 11.
8
Calculate the remainder when 18107233 is divided by 1065131.
6
What is the remainder when 63278743 is divided by 4723?
4712
What is the remainder when 34924768 is divided by 877?
874
Calculate the remainder when 11190009 is divided by 58.
11
What is the remainder when 47831 is divided by 569?
35
What is the remainder when 235836 is divided by 7142?
150
Calculate the remainder when 3539499 is divided by 30252.
15
What is the remainder when 126663470 is divided by 174?
170
Calculate the remainder when 119091 is divided by 29763.
39
Calculate the remainder when 7556 is divided by 414.
104
Calculate the remainder when 363979 is divided by 8876.
63
What is the remainder when 3920752 is divided by 347?
346
Calculate the remainder when 105314136 is divided by 63.
60
Calculate the remainder when 7803580 is divided by 1300575.
130
What is the remainder when 1016123 is divided by 213?
113
What is the remainder when 106205703 is divided by 5?
3
Calculate the remainder when 1067325 is divided by 1067193.
132
Calculate the remainder when 155594 is divided by 155325.
269
What is the remainder when 14002 is divided by 1260?
142
Calculate the remainder when 194815 is divided by 2996.
75
What is the remainder when 75333781 is divided by 12555625?
31
Calculate the remainder when 1466614 is divided by 21.
16
What is the remainder when 367812 is divided by 93?
90
What is the remainder when 400655 is divided by 132385?
3500
What is the remainder when 48148973 is divided by 177?
17
Calculate the remainder when 364953 is divided by 34.
31
What is the remainder when 387674 is divided by 110?
34
Calculate the remainder when 55427 is divided by 204.
143
What is the remainder when 856173 is divided by 4324?
21
What is the remainder when 34387 is divided by 8117?
1919
What is the remainder when 23848 is divided by 23548?
300
What is the remainder when 100184 is divided by 6240?
344
What is the remainder when 6111815 is divided by 1222362?
5
Calculate the remainder when 588593 is divided by 72629.
7561
What is the remainder when 249582 is divided by 7776?
750
Calculate the remainder when 76985 is divided by 968.
513
What is the remainder when 2073733 is divided by 47?
46
What is the remainder when 2880466 is divided by 339?
322
What is the remainder when 558301 is divided by 13292?
37
What is the remainder when 649211 is divided by 205?
181
What is the remainder when 348885 is divided by 87215?
25
What is the remainder when 550930 is divided by 195?
55
Calculate the remainder when 321154 is divided by 321062.
92
What is the remainder when 387465 is divided by 129131?
72
What is the remainder when 3080884 is divided by 223?
139
Calculate the remainder when 7437041 is divided by 200.
41
What is the remainder when 8118805 is divided by 1752?
37
What is the remainder when 4756102 is divided by 583?
571
Calculate the remainder when 119962 is divided by 18.
10
Calculate the remainder when 14229515 is divided by 2845900.
15
Calculate the remainder when 5253655 is divided by 2874.
2857
Calculate the remainder when 62646420 is divided by 68466.
30
What is the remainder when 918931 is divided by 2735?
2706
What is the remainder when 135090 is divided by 44705?
975
Calculate the remainder when 3163008 is divided by 2364.
2340
Calculate the remainder when 69987633 is divided by 41.
18
What is the remainder when 6071623 is divided by 225?
223
What is the remainder when 9720335 is divided by 3158?
11
Calculate the remainder when 16442 is divided by 2805.
2417
What is the remainder when 19353969 is divided by 181?
1
What is the remainder when 453307 is divided by 11328?
187
What is the remainder when 2782360 is divided by 2049?
1867
What is the remainder when 3984635 is divided by 1328211?
2
Calculate the remainder when 19252 is divided by 143.
90
Calculate the remainder when 1989384 is divided by 663090.
114
Calculate the remainder when 233919074 is divided by 195.
194
Calculate the remainder when 80965 is divided by 1065.
25
What is the remainder when 987238 is divided by 524?
22
Calculate the remainder when 27938396 is divided by 67.
66
What is the remainder when 401527 is divided by 1308?
1279
What is the remainder when 10836949 is divided by 1070?
1059
Calculate the remainder when 2178634 is divided by 80.
74
What is the remainder when 35393 is divided by 550?
193
What is the remainder when 27274 is divided by 88?
82
Calculate the remainder when 18331 is divided by 7507.
3317
What is the remainder when 240926 is divided by 2677?
2673
Calculate the remainder when 6266672 is divided by 19.
16
What is the remainder when 61373 is divided by 3715?
1933
What is the remainder when 653733 is divided by 360?
333
What is the remainder when 138630 is divided by 1953?
1920
What is the remainder when 1001 is divided by 315?
56
Calculate the remainder when 181804 is divided by 5193.
49
What is the remainder when 66479 is divided by 3904?
111
What is the remainder when 217622 is divided by 108624?
374
Calculate the remainder when 62359 is divided by 12.
7
What is the remainder when 791953 is divided by 399?
337
What is the remainder when 18468170 is divided by 6471?
6407
Calculate the remainder when 286646 is divided by 26036.
250
Calculate the remainder when 2062191 is divided by 12.
3
Calculate the remainder when 1871989 is divided by 5200.
5189
Calculate the remainder when 1909822 is divided by 272825.
47
What is the remainder when 70661 is divided by 70650?
11
What is the remainder when 12452439 is divided by 198?
21
What is the remainder when 67560 is divided by 249?
81
What is the remainder when 161237 is divided by 2926?
307
Calculate the remainder when 160570 is divided by 5534.
84
Calculate the remainder when 12642249 is divided by 194496.
9
Calculate the remainder when 124299748 is divided by